isor of 60239 and 177.
59
What is the highest common divisor of 150 and 26340?
30
What is the highest common factor of 9575 and 54003?
383
What is the greatest common factor of 3168 and 72204?
132
What is the highest common divisor of 1058874 and 138?
138
Calculate the highest common factor of 3437392 and 112.
112
Calculate the greatest common divisor of 684 and 9900.
36
Calculate the greatest common factor of 22240 and 160.
160
Calculate the highest common factor of 437 and 9982.
23
What is the highest common factor of 3840 and 113056?
32
Calculate the highest common divisor of 10227 and 6006.
21
Calculate the highest common factor of 1890 and 1414.
14
Calculate the greatest common factor of 75374 and 338.
338
Calculate the highest common divisor of 51350 and 550.
50
What is the highest common divisor of 72 and 35352?
72
Calculate the highest common factor of 2352 and 41244.
84
Calculate the highest common divisor of 4301570 and 140.
70
Calculate the highest common divisor of 384 and 7552.
128
Calculate the highest common factor of 342 and 838413.
171
Calculate the highest common divisor of 1457773 and 349.
349
What is the highest common factor of 170852 and 264?
44
Calculate the greatest common factor of 32882 and 225362.
802
Calculate the greatest common factor of 127 and 47.
1
Calculate the greatest common divisor of 477 and 8268.
159
Calculate the greatest common divisor of 8932 and 16786.
154
What is the highest common divisor of 893 and 15886?
47
Calculate the highest common divisor of 2816 and 1770.
2
What is the greatest common divisor of 2853 and 18703?
317
Calculate the highest common divisor of 200 and 17450.
50
Calculate the greatest common divisor of 123221 and 20909.
203
What is the highest common factor of 49590 and 7395?
435
What is the highest common factor of 767 and 4897?
59
Calculate the highest common factor of 79089 and 3075.
123
What is the highest common divisor of 63339 and 6874?
491
What is the highest common factor of 3496 and 85928?
184
What is the greatest common factor of 65703 and 825?
33
What is the greatest common factor of 2172 and 132?
12
What is the highest common divisor of 24771 and 437?
23
What is the greatest common divisor of 98225 and 75?
25
Calculate the highest common divisor of 30198 and 301.
7
What is the greatest common factor of 163523 and 68?
17
Calculate the greatest common factor of 16 and 56044.
4
What is the greatest common factor of 13932 and 567?
81
What is the greatest common factor of 6 and 363300?
6
Calculate the highest common factor of 18575 and 1225.
25
What is the greatest common factor of 736 and 9056?
32
Calculate the highest common factor of 20779 and 2.
1
Calculate the highest common factor of 1118 and 10868.
26
Calculate the greatest common factor of 2520 and 26747.
7
Calculate the highest common divisor of 63660 and 20.
20
Calculate the greatest common factor of 7 and 4171.
1
Calculate the greatest common divisor of 3232 and 13736.
808
Calculate the greatest common factor of 3300 and 22665.
15
Calculate the greatest common divisor of 412843 and 129.
43
What is the greatest common factor of 1023 and 186?
93
Calculate the highest common divisor of 39 and 674661.
39
What is the greatest common divisor of 288 and 22548?
12
What is the greatest common divisor of 132 and 36993?
33
What is the highest common factor of 45 and 15915?
15
Calculate the greatest common divisor of 3744 and 1638.
234
What is the greatest common divisor of 248 and 106888?
248
What is the greatest common factor of 140087 and 202?
101
What is the highest common factor of 1038 and 93074?
346
What is the greatest common factor of 23 and 10651?
1
Calculate the highest common factor of 1967810 and 52.
26
What is the greatest common divisor of 1343655 and 370?
185
Calculate the greatest common divisor of 140 and 161980.
140
Calculate the highest common divisor of 5 and 9460.
5
What is the highest common factor of 3972 and 384?
12
What is the greatest common factor of 220740 and 78?
78
Calculate the greatest common divisor of 153284 and 8.
4
What is the highest common factor of 2037 and 211169?
679
Calculate the highest common divisor of 516 and 372.
12
What is the greatest common factor of 167072 and 96?
32
What is the highest common divisor of 71627 and 287?
41
Calculate the highest common factor of 1568 and 224.
224
Calculate the greatest common factor of 297 and 4050.
27
Calculate the greatest common divisor of 611 and 207317.
47
Calculate the greatest common factor of 1052357 and 2045.
409
What is the greatest common factor of 4 and 306814?
2
Calculate the highest common divisor of 57596 and 55.
11
Calculate the greatest common divisor of 519 and 294446.
173
What is the highest common factor of 64758 and 24347?
251
Calculate the greatest common divisor of 4 and 217964.
4
What is the greatest common factor of 67512 and 96?
24
What is the greatest common factor of 45700 and 3200?
100
Calculate the highest common factor of 16 and 2607.
1
What is the highest common divisor of 1246128 and 32?
16
Calculate the greatest common factor of 10414 and 16129.
127
Calculate the highest common factor of 2670876 and 63.
9
What is the greatest common factor of 363519 and 845?
169
Calculate the greatest common factor of 21300 and 6300.
300
What is the highest common factor of 56208 and 40?
8
What is the greatest common divisor of 4004 and 2236?
52
Calculate the greatest common divisor of 82519 and 537.
179
What is the greatest common divisor of 199668 and 14?
14
What is the greatest common divisor of 9322 and 17582?
118
What is the greatest common divisor of 6993 and 5103?
189
What is the highest common factor of 675 and 124767?
27
What is the greatest common divisor of 1843 and 3382?
19
What is the greatest common divisor of 63764 and 19?
19
Calculate the highest common divisor of 19899 and 1029321.
1809
What is the highest common factor of 444 and 564?
12
What is the highest common divisor of 270354 and 6280?
314
Calculate the greatest common divisor of 13 and 961207.
13
What is the highest common divisor of 372590 and 9842?
1406
What is the highest common divisor of 103992 and 336?
168
Calculate the highest common factor of 98826 and 2730.
546
What is the greatest common factor of 112 and 2756192?
16
What is the greatest common divisor of 102 and 55658?
34
Calculate the greatest common divisor of 990711 and 486.
243
What is the greatest common divisor of 85870 and 13296?
554
What is the highest common divisor of 186508 and 7?
7
Calculate the greatest common divisor of 72 and 177156.
36
What is the greatest common factor of 933 and 77750?
311
Calculate the greatest common factor of 122550 and 518700.
2850
What is the greatest common divisor of 368055 and 10?
5
What is the greatest common factor of 676611 and 468?
117
Calculate the greatest common divisor of 63547 and 53.
53
What is the highest common factor of 56592 and 2620?
524
Calculate the highest common factor of 1334 and 31581.
29
What is the greatest common factor of 231651 and 15?
3
What is the greatest common divisor of 936 and 13529880?
936
Calculate the greatest common factor of 118557 and 81.
27
What is the highest common divisor of 588 and 398370?
294
Calculate the highest common factor of 34674 and 96.
6
What is the greatest common divisor of 749112 and 23667?
1029
What is the greatest common divisor of 33 and 127523?
11
Calculate the greatest common factor of 18886 and 41230.
266
What is the greatest common divisor of 2898 and 8372?
322
What is the highest common divisor of 70 and 60592?
14
What is the greatest common divisor of 4913725 and 25?
25
Calculate the highest common divisor of 45015 and 60.
15
Calculate the highest common factor of 14226 and 74.
2
Calculate the highest common factor of 46 and 80799.
23
Calculate the greatest common divisor of 77900 and 6068.
164
What is the highest common factor of 187 and 85?
17
What is the greatest common factor of 1661 and 604?
151
Calculate the highest common factor of 1480 and 27121.
37
Calculate the greatest common factor of 40 and 152420.
20
What is the highest common factor of 8037 and 263169?
171
What is the highest common divisor of 253692 and 216?
108
Calculate the highest common divisor of 22246 and 3